{"id":40,"date":"2021-09-01T22:52:44","date_gmt":"2021-09-01T20:52:44","guid":{"rendered":"https:\/\/mentaltraining-rosi-schneider.com\/?page_id=40"},"modified":"2021-09-26T00:56:32","modified_gmt":"2021-09-25T22:56:32","slug":"mentaltraining","status":"publish","type":"page","link":"https:\/\/mentaltraining-rosi-schneider.com\/?page_id=40","title":{"rendered":"Mentaltraining"},"content":{"rendered":"\t\t<div data-elementor-type=\"wp-page\" data-elementor-id=\"40\" class=\"elementor elementor-40\">\n\t\t\t\t\t\t\t\t\t<section class=\"elementor-section elementor-top-section elementor-element elementor-element-0298f17 elementor-section-boxed elementor-section-height-default elementor-section-height-default\" data-id=\"0298f17\" data-element_type=\"section\">\n\t\t\t\t\t\t<div class=\"elementor-container elementor-column-gap-default\">\n\t\t\t\t\t<div class=\"elementor-column elementor-col-100 elementor-top-column elementor-element elementor-element-7a07120\" data-id=\"7a07120\" data-element_type=\"column\">\n\t\t\t<div class=\"elementor-widget-wrap elementor-element-populated\">\n\t\t\t\t\t\t\t\t<div class=\"elementor-element elementor-element-dc78b2f elementor-widget elementor-widget-heading\" data-id=\"dc78b2f\" data-element_type=\"widget\" data-widget_type=\"heading.default\">\n\t\t\t\t<div class=\"elementor-widget-container\">\n\t\t\t<style>\/*! elementor - v3.8.1 - 13-11-2022 *\/\n.elementor-heading-title{padding:0;margin:0;line-height:1}.elementor-widget-heading .elementor-heading-title[class*=elementor-size-]>a{color:inherit;font-size:inherit;line-height:inherit}.elementor-widget-heading .elementor-heading-title.elementor-size-small{font-size:15px}.elementor-widget-heading .elementor-heading-title.elementor-size-medium{font-size:19px}.elementor-widget-heading .elementor-heading-title.elementor-size-large{font-size:29px}.elementor-widget-heading .elementor-heading-title.elementor-size-xl{font-size:39px}.elementor-widget-heading .elementor-heading-title.elementor-size-xxl{font-size:59px}<\/style><h2 class=\"elementor-heading-title elementor-size-default\">Mentaltraining...<\/h2>\t\t<\/div>\n\t\t\t\t<\/div>\n\t\t\t\t\t<\/div>\n\t\t<\/div>\n\t\t\t\t\t\t\t<\/div>\n\t\t<\/section>\n\t\t\t\t<section class=\"elementor-section elementor-top-section elementor-element elementor-element-30558f9 elementor-section-boxed elementor-section-height-default elementor-section-height-default\" data-id=\"30558f9\" data-element_type=\"section\">\n\t\t\t\t\t\t<div class=\"elementor-container elementor-column-gap-default\">\n\t\t\t\t\t<div class=\"elementor-column elementor-col-100 elementor-top-column elementor-element elementor-element-e7b6ee1\" data-id=\"e7b6ee1\" data-element_type=\"column\">\n\t\t\t<div class=\"elementor-widget-wrap elementor-element-populated\">\n\t\t\t\t\t\t\t\t<div class=\"elementor-element elementor-element-4083972 elementor-widget elementor-widget-heading\" data-id=\"4083972\" data-element_type=\"widget\" data-widget_type=\"heading.default\">\n\t\t\t\t<div class=\"elementor-widget-container\">\n\t\t\t<h3 class=\"elementor-heading-title elementor-size-default\">... f\u00fcr Schwangerschaft und Geburt<\/h3>\t\t<\/div>\n\t\t\t\t<\/div>\n\t\t\t\t\t<\/div>\n\t\t<\/div>\n\t\t\t\t\t\t\t<\/div>\n\t\t<\/section>\n\t\t\t\t<section class=\"elementor-section elementor-top-section elementor-element elementor-element-ee17959 elementor-section-boxed elementor-section-height-default elementor-section-height-default\" data-id=\"ee17959\" data-element_type=\"section\" data-settings=\"{&quot;animation_tablet&quot;:&quot;fadeInLeft&quot;}\">\n\t\t\t\t\t\t<div class=\"elementor-container elementor-column-gap-default\">\n\t\t\t\t\t<div class=\"elementor-column elementor-col-50 elementor-top-column elementor-element elementor-element-9e2992c\" data-id=\"9e2992c\" data-element_type=\"column\">\n\t\t\t<div class=\"elementor-widget-wrap elementor-element-populated\">\n\t\t\t\t\t\t\t\t<div class=\"elementor-element elementor-element-e2bd12f elementor-widget elementor-widget-text-editor\" data-id=\"e2bd12f\" data-element_type=\"widget\" data-widget_type=\"text-editor.default\">\n\t\t\t\t<div class=\"elementor-widget-container\">\n\t\t\t<style>\/*! elementor - v3.8.1 - 13-11-2022 *\/\n.elementor-widget-text-editor.elementor-drop-cap-view-stacked .elementor-drop-cap{background-color:#818a91;color:#fff}.elementor-widget-text-editor.elementor-drop-cap-view-framed .elementor-drop-cap{color:#818a91;border:3px solid;background-color:transparent}.elementor-widget-text-editor:not(.elementor-drop-cap-view-default) .elementor-drop-cap{margin-top:8px}.elementor-widget-text-editor:not(.elementor-drop-cap-view-default) .elementor-drop-cap-letter{width:1em;height:1em}.elementor-widget-text-editor .elementor-drop-cap{float:left;text-align:center;line-height:1;font-size:50px}.elementor-widget-text-editor .elementor-drop-cap-letter{display:inline-block}<\/style>\t\t\t\t<p>Diese ganz besondere Zeit der Ver\u00e4nderung am Ursprung des Lebens und die Beziehung zu dem Wunder Mensch bewusst und intensiv aufzubauen und zu kommunizieren, hilft Dir Deinem K\u00f6rper, Deinem Geist und Deinem weiblichen Urvertrauen zu folgen, sowie optimal vorzubereiten. <br \/>Vertrauen ist die Grundlage f\u00fcr Lebenskraft und Lebensfreude und sie beginnt im Mutterleib! Je vertrauensvoller Du selbst in die Geburt gehst, umso intensiver kannst Du Deinem Baby das Gef\u00fchl von Sicherheit und Vertrauen ins Leben geben.<\/p><p>Mentaltraining erm\u00f6glicht:<\/p><ul><li>Innere St\u00e4rke, Kraft und Urvertrauen aufbauen und st\u00e4rken<\/li><li>Gute Bindung von Mutter und Vater zum ungeborenen Baby aufbauen<\/li><li>Entspannungstechniken erlernen<\/li><li>Meditations- und bewusste Atem\u00fcbungen<\/li><li>Ruhe und Erholung, Stressabbau<\/li><li>Ermutigung zum Selbstvertrauen in die eigene innere St\u00e4rke zur stimmigen Geburt<\/li><\/ul>\t\t\t\t\t\t<\/div>\n\t\t\t\t<\/div>\n\t\t\t\t\t<\/div>\n\t\t<\/div>\n\t\t\t\t<div class=\"elementor-column elementor-col-50 elementor-top-column elementor-element elementor-element-7d9fb72\" data-id=\"7d9fb72\" data-element_type=\"column\">\n\t\t\t<div class=\"elementor-widget-wrap elementor-element-populated\">\n\t\t\t\t\t\t\t\t<div class=\"elementor-element elementor-element-65d96a7 elementor-widget elementor-widget-image\" data-id=\"65d96a7\" data-element_type=\"widget\" data-widget_type=\"image.default\">\n\t\t\t\t<div class=\"elementor-widget-container\">\n\t\t\t<style>\/*! elementor - v3.8.1 - 13-11-2022 *\/\n.elementor-widget-image{text-align:center}.elementor-widget-image a{display:inline-block}.elementor-widget-image a img[src$=\".svg\"]{width:48px}.elementor-widget-image img{vertical-align:middle;display:inline-block}<\/style>\t\t\t\t\t\t\t\t\t\t\t\t<img decoding=\"async\" src=\"https:\/\/mentaltraining-rosi-schneider.com\/wp-content\/uploads\/elementor\/thumbs\/IMG-20200418-WA0021-pchopkkl7kgqzrnuzcx9gstwir3552t28bv3s4fl2o.jpg\" title=\"IMG-20200418-WA0021\" alt=\"IMG-20200418-WA0021\" \/>\t\t\t\t\t\t\t\t\t\t\t\t\t\t\t<\/div>\n\t\t\t\t<\/div>\n\t\t\t\t\t<\/div>\n\t\t<\/div>\n\t\t\t\t\t\t\t<\/div>\n\t\t<\/section>\n\t\t\t\t<section class=\"elementor-section elementor-top-section elementor-element elementor-element-d7d72ab elementor-section-boxed elementor-section-height-default elementor-section-height-default\" data-id=\"d7d72ab\" data-element_type=\"section\">\n\t\t\t\t\t\t<div class=\"elementor-container elementor-column-gap-default\">\n\t\t\t\t\t<div class=\"elementor-column elementor-col-100 elementor-top-column elementor-element elementor-element-8490196\" data-id=\"8490196\" data-element_type=\"column\">\n\t\t\t<div class=\"elementor-widget-wrap elementor-element-populated\">\n\t\t\t\t\t\t\t\t<div class=\"elementor-element elementor-element-9579798 elementor-widget elementor-widget-spacer\" data-id=\"9579798\" data-element_type=\"widget\" data-widget_type=\"spacer.default\">\n\t\t\t\t<div class=\"elementor-widget-container\">\n\t\t\t<style>\/*! elementor - v3.8.1 - 13-11-2022 *\/\n.elementor-column .elementor-spacer-inner{height:var(--spacer-size)}.e-con{--container-widget-width:100%}.e-con-inner>.elementor-widget-spacer,.e-con>.elementor-widget-spacer{width:var(--container-widget-width,var(--spacer-size));-ms-flex-item-align:stretch;align-self:stretch;-ms-flex-negative:0;flex-shrink:0}.e-con-inner>.elementor-widget-spacer>.elementor-widget-container,.e-con-inner>.elementor-widget-spacer>.elementor-widget-container>.elementor-spacer,.e-con>.elementor-widget-spacer>.elementor-widget-container,.e-con>.elementor-widget-spacer>.elementor-widget-container>.elementor-spacer{height:100%}.e-con-inner>.elementor-widget-spacer>.elementor-widget-container>.elementor-spacer>.elementor-spacer-inner,.e-con>.elementor-widget-spacer>.elementor-widget-container>.elementor-spacer>.elementor-spacer-inner{height:var(--container-widget-height,var(--spacer-size))}<\/style>\t\t<div class=\"elementor-spacer\">\n\t\t\t<div class=\"elementor-spacer-inner\"><\/div>\n\t\t<\/div>\n\t\t\t\t<\/div>\n\t\t\t\t<\/div>\n\t\t\t\t\t<\/div>\n\t\t<\/div>\n\t\t\t\t\t\t\t<\/div>\n\t\t<\/section>\n\t\t\t\t<section class=\"elementor-section elementor-top-section elementor-element elementor-element-a040d40 elementor-section-boxed elementor-section-height-default elementor-section-height-default\" data-id=\"a040d40\" data-element_type=\"section\" data-settings=\"{&quot;background_background&quot;:&quot;classic&quot;,&quot;animation_tablet&quot;:&quot;none&quot;}\">\n\t\t\t\t\t\t<div class=\"elementor-container elementor-column-gap-default\">\n\t\t\t\t\t<div class=\"elementor-column elementor-col-100 elementor-top-column elementor-element elementor-element-c14ce90\" data-id=\"c14ce90\" data-element_type=\"column\">\n\t\t\t<div class=\"elementor-widget-wrap elementor-element-populated\">\n\t\t\t\t\t\t\t\t<div class=\"elementor-element elementor-element-b887b3b elementor-widget elementor-widget-heading\" data-id=\"b887b3b\" data-element_type=\"widget\" data-widget_type=\"heading.default\">\n\t\t\t\t<div class=\"elementor-widget-container\">\n\t\t\t<h3 class=\"elementor-heading-title elementor-size-default\">... f\u00fcr Kinder und Jugendliche <\/h3>\t\t<\/div>\n\t\t\t\t<\/div>\n\t\t\t\t\t<\/div>\n\t\t<\/div>\n\t\t\t\t\t\t\t<\/div>\n\t\t<\/section>\n\t\t\t\t<section class=\"elementor-section elementor-top-section elementor-element elementor-element-da3b539 elementor-section-boxed elementor-section-height-default elementor-section-height-default\" data-id=\"da3b539\" data-element_type=\"section\" data-settings=\"{&quot;background_background&quot;:&quot;classic&quot;,&quot;animation_tablet&quot;:&quot;fadeInRight&quot;}\">\n\t\t\t\t\t\t<div class=\"elementor-container elementor-column-gap-default\">\n\t\t\t\t\t<div class=\"elementor-column elementor-col-50 elementor-top-column elementor-element elementor-element-373deff\" data-id=\"373deff\" data-element_type=\"column\">\n\t\t\t<div class=\"elementor-widget-wrap elementor-element-populated\">\n\t\t\t\t\t\t\t\t<div class=\"elementor-element elementor-element-75fbc01 elementor-widget elementor-widget-text-editor\" data-id=\"75fbc01\" data-element_type=\"widget\" data-widget_type=\"text-editor.default\">\n\t\t\t\t<div class=\"elementor-widget-container\">\n\t\t\t\t\t\t\t<p>Mehr denn je ist der Alltag der Kinder gepr\u00e4gt von Fluten an Informationen aus allen sozialen Medien, die st\u00e4ndig auf sie Einfluss nehmen. Das Unterbewusstsein wird mit unz\u00e4hligen Einfl\u00fcssen manipuliert und missbraucht. Die Grenzen zwischen virtueller und realer Welt werden verschoben. Psychosoziale negative Gedankenstrukturen beeinflussen die Gedankenwelt der Kinder. Identit\u00e4tsfindung und die eigene Kreativit\u00e4t f\u00f6rdern ist heute mehr wichtiger denn je.<\/p><p>Mentaltraining erm\u00f6glicht:<\/p><ul><li>Kinder voller Weisheit und W\u00fcrde ins Leben begleiten<\/li><li>Das Entwickeln der F\u00e4higkeit in sich selbst Liebe und Halt zu finden<\/li><li>Das Unterbewusstsein programmieren und<\/li><li><span style=\"color: var( --e-global-color-text ); font-family: var( --e-global-typography-text-font-family ), Sans-serif; font-weight: var( --e-global-typography-text-font-weight ); font-size: var(--global--font-size-base);\">Gedankenhygiene betreiben, innere Klarheit und St\u00e4rke <\/span><span style=\"color: var( --e-global-color-text ); font-family: var( --e-global-typography-text-font-family ), Sans-serif; font-weight: var( --e-global-typography-text-font-weight ); font-size: var(--global--font-size-base);\">gewinnen<\/span><\/li><li>Konzentrationsf\u00e4higkeit steigern<\/li><li>Eigene St\u00e4rken und Talente erkennen und weiter zu entwickeln<\/li><li>\u00c4ngste und Blockaden aufl\u00f6sen<\/li><li>Selbstbewusstsein und Selbstsicherheit gewinnen<\/li><li>Konfliktl\u00f6sung und stimmiges Agieren<\/li><\/ul>\t\t\t\t\t\t<\/div>\n\t\t\t\t<\/div>\n\t\t\t\t\t<\/div>\n\t\t<\/div>\n\t\t\t\t<div class=\"elementor-column elementor-col-50 elementor-top-column elementor-element elementor-element-5bfab53\" data-id=\"5bfab53\" data-element_type=\"column\" data-settings=\"{&quot;background_background&quot;:&quot;classic&quot;}\">\n\t\t\t<div class=\"elementor-widget-wrap\">\n\t\t\t\t\t\t\t\t\t<\/div>\n\t\t<\/div>\n\t\t\t\t\t\t\t<\/div>\n\t\t<\/section>\n\t\t\t\t<section class=\"elementor-section elementor-top-section elementor-element elementor-element-f6aba9d elementor-section-boxed elementor-section-height-default elementor-section-height-default\" data-id=\"f6aba9d\" data-element_type=\"section\" data-settings=\"{&quot;background_background&quot;:&quot;classic&quot;}\">\n\t\t\t\t\t\t<div class=\"elementor-container elementor-column-gap-default\">\n\t\t\t\t\t<div class=\"elementor-column elementor-col-100 elementor-top-column elementor-element elementor-element-02e0eaf\" data-id=\"02e0eaf\" data-element_type=\"column\">\n\t\t\t<div class=\"elementor-widget-wrap elementor-element-populated\">\n\t\t\t\t\t\t\t\t<div class=\"elementor-element elementor-element-444ba75 elementor-widget elementor-widget-spacer\" data-id=\"444ba75\" data-element_type=\"widget\" data-widget_type=\"spacer.default\">\n\t\t\t\t<div class=\"elementor-widget-container\">\n\t\t\t\t\t<div class=\"elementor-spacer\">\n\t\t\t<div class=\"elementor-spacer-inner\"><\/div>\n\t\t<\/div>\n\t\t\t\t<\/div>\n\t\t\t\t<\/div>\n\t\t\t\t\t<\/div>\n\t\t<\/div>\n\t\t\t\t\t\t\t<\/div>\n\t\t<\/section>\n\t\t\t\t<section class=\"elementor-section elementor-top-section elementor-element elementor-element-cc7a2de elementor-section-boxed elementor-section-height-default elementor-section-height-default\" data-id=\"cc7a2de\" data-element_type=\"section\">\n\t\t\t\t\t\t<div class=\"elementor-container elementor-column-gap-default\">\n\t\t\t\t\t<div class=\"elementor-column elementor-col-100 elementor-top-column elementor-element elementor-element-eb45b21\" data-id=\"eb45b21\" data-element_type=\"column\">\n\t\t\t<div class=\"elementor-widget-wrap elementor-element-populated\">\n\t\t\t\t\t\t\t\t<div class=\"elementor-element elementor-element-1553b43 elementor-widget elementor-widget-heading\" data-id=\"1553b43\" data-element_type=\"widget\" data-widget_type=\"heading.default\">\n\t\t\t\t<div class=\"elementor-widget-container\">\n\t\t\t<h3 class=\"elementor-heading-title elementor-size-default\">... f\u00fcr Erwachsene<\/h3>\t\t<\/div>\n\t\t\t\t<\/div>\n\t\t\t\t\t<\/div>\n\t\t<\/div>\n\t\t\t\t\t\t\t<\/div>\n\t\t<\/section>\n\t\t\t\t<section class=\"elementor-section elementor-top-section elementor-element elementor-element-9ca6c06 elementor-section-boxed elementor-section-height-default elementor-section-height-default\" data-id=\"9ca6c06\" data-element_type=\"section\" data-settings=\"{&quot;animation_tablet&quot;:&quot;fadeInLeft&quot;}\">\n\t\t\t\t\t\t<div class=\"elementor-container elementor-column-gap-default\">\n\t\t\t\t\t<div class=\"elementor-column elementor-col-50 elementor-top-column elementor-element elementor-element-37f788f\" data-id=\"37f788f\" data-element_type=\"column\">\n\t\t\t<div class=\"elementor-widget-wrap elementor-element-populated\">\n\t\t\t\t\t\t\t\t<div class=\"elementor-element elementor-element-788633a elementor-widget elementor-widget-text-editor\" data-id=\"788633a\" data-element_type=\"widget\" data-widget_type=\"text-editor.default\">\n\t\t\t\t<div class=\"elementor-widget-container\">\n\t\t\t\t\t\t\t<p>Jeder von uns hat in seinem Leben schon Zeiten durchgemacht in denen er auf irgendeine Art und Weise \u201eSchiffbruch\u201c erlitten hat. Wenn immer alles gut laufen w\u00fcrde, k\u00f6nnten wir uns nicht weiterentwickeln. Jeder Moment im Leben ist richtig und wichtig. Aber egal welche Herausforderung zu meistern ist, durch das Aktivieren der inneren Kraft kann ich neue Entscheidungen treffen, neue M\u00f6glichkeiten erkennen und gewinnend durch st\u00fcrmische Zeiten kommen.<\/p><p>Mentaltraining erm\u00f6glicht:<\/p><ul><li>Erfolgstraining \u2013 Erfolg entsteht im Kopf<\/li><li>Charismatraining<\/li><li>Kommunikationstraining<\/li><li>Kreativit\u00e4t entfalten und optimal nutzen<\/li><li>Zwischenmenschliche Beziehungen und Partnerschaft\u00a0harmonisieren<\/li><li>Blockierende Lebensthemen aufl\u00f6sen<\/li><li>Bewusstseinserweiterung \u2013 intuitiv Durchblick gewinnen<\/li><li>St\u00e4rkung k\u00f6rperlicher und geistiger Gesundheit<\/li><\/ul><p>Im Leben gibt es keine Landkarte, die Dir den Weg zeigt, kein Schild, dass Dir Auskunft gibt und auch keine Garantie, dass Du Dein Ziel erreichst. Es gibt nur die Stimme Deines Herzens die Dich leitet! Sie ist wie der Leuchtturm in Dir, der Dich auf Deinen einzigartigen Lebensweg f\u00fchrt!<\/p><div>\u00a0\u00a0<\/div>\t\t\t\t\t\t<\/div>\n\t\t\t\t<\/div>\n\t\t\t\t\t<\/div>\n\t\t<\/div>\n\t\t\t\t<div class=\"elementor-column elementor-col-50 elementor-top-column elementor-element elementor-element-8b0f11a\" data-id=\"8b0f11a\" data-element_type=\"column\" data-settings=\"{&quot;background_background&quot;:&quot;classic&quot;}\">\n\t\t\t<div class=\"elementor-widget-wrap\">\n\t\t\t\t\t\t\t\t\t<\/div>\n\t\t<\/div>\n\t\t\t\t\t\t\t<\/div>\n\t\t<\/section>\n\t\t\t\t<section class=\"elementor-section elementor-top-section elementor-element elementor-element-4acf4ac elementor-section-boxed elementor-section-height-default elementor-section-height-default\" data-id=\"4acf4ac\" data-element_type=\"section\">\n\t\t\t\t\t\t<div class=\"elementor-container elementor-column-gap-default\">\n\t\t\t\t\t<div class=\"elementor-column elementor-col-50 elementor-top-column elementor-element elementor-element-eb3a548\" data-id=\"eb3a548\" data-element_type=\"column\">\n\t\t\t<div class=\"elementor-widget-wrap\">\n\t\t\t\t\t\t\t\t\t<\/div>\n\t\t<\/div>\n\t\t\t\t<div class=\"elementor-column elementor-col-50 elementor-top-column elementor-element elementor-element-375676b\" data-id=\"375676b\" data-element_type=\"column\">\n\t\t\t<div class=\"elementor-widget-wrap elementor-element-populated\">\n\t\t\t\t\t\t\t\t<div class=\"elementor-element elementor-element-b500a7b elementor-widget elementor-widget-heading\" data-id=\"b500a7b\" data-element_type=\"widget\" data-widget_type=\"heading.default\">\n\t\t\t\t<div class=\"elementor-widget-container\">\n\t\t\t<h3 class=\"elementor-heading-title elementor-size-default\">Angebot<\/h3>\t\t<\/div>\n\t\t\t\t<\/div>\n\t\t\t\t\t<\/div>\n\t\t<\/div>\n\t\t\t\t\t\t\t<\/div>\n\t\t<\/section>\n\t\t\t\t<section class=\"elementor-section elementor-top-section elementor-element elementor-element-a6890f1 elementor-section-full_width elementor-section-height-default elementor-section-height-default\" data-id=\"a6890f1\" data-element_type=\"section\" data-settings=\"{&quot;background_background&quot;:&quot;gradient&quot;}\">\n\t\t\t\t\t\t<div class=\"elementor-container elementor-column-gap-default\">\n\t\t\t\t\t<div class=\"elementor-column elementor-col-50 elementor-top-column elementor-element elementor-element-9a5beb8\" data-id=\"9a5beb8\" data-element_type=\"column\">\n\t\t\t<div class=\"elementor-widget-wrap elementor-element-populated\">\n\t\t\t\t\t\t\t\t<div class=\"elementor-element elementor-element-f956a56 elementor-widget elementor-widget-image\" data-id=\"f956a56\" data-element_type=\"widget\" data-widget_type=\"image.default\">\n\t\t\t\t<div class=\"elementor-widget-container\">\n\t\t\t\t\t\t\t\t\t\t\t\t\t\t\t<img decoding=\"async\" width=\"2560\" height=\"1707\" src=\"https:\/\/mentaltraining-rosi-schneider.com\/wp-content\/uploads\/2021\/09\/Leutturm-scaled.jpg\" class=\"attachment-full size-full\" alt=\"\" loading=\"lazy\" srcset=\"https:\/\/mentaltraining-rosi-schneider.com\/wp-content\/uploads\/2021\/09\/Leutturm-scaled.jpg 2560w, https:\/\/mentaltraining-rosi-schneider.com\/wp-content\/uploads\/2021\/09\/Leutturm-300x200.jpg 300w, https:\/\/mentaltraining-rosi-schneider.com\/wp-content\/uploads\/2021\/09\/Leutturm-1024x683.jpg 1024w, https:\/\/mentaltraining-rosi-schneider.com\/wp-content\/uploads\/2021\/09\/Leutturm-768x512.jpg 768w, https:\/\/mentaltraining-rosi-schneider.com\/wp-content\/uploads\/2021\/09\/Leutturm-1536x1024.jpg 1536w, https:\/\/mentaltraining-rosi-schneider.com\/wp-content\/uploads\/2021\/09\/Leutturm-2048x1365.jpg 2048w, https:\/\/mentaltraining-rosi-schneider.com\/wp-content\/uploads\/2021\/09\/Leutturm-1568x1045.jpg 1568w\" sizes=\"(max-width: 2560px) 100vw, 2560px\" style=\"width:100%;height:66.68%;max-width:2560px\" \/>\t\t\t\t\t\t\t\t\t\t\t\t\t\t\t<\/div>\n\t\t\t\t<\/div>\n\t\t\t\t\t<\/div>\n\t\t<\/div>\n\t\t\t\t<div class=\"elementor-column elementor-col-50 elementor-top-column elementor-element elementor-element-fb41496\" data-id=\"fb41496\" data-element_type=\"column\">\n\t\t\t<div class=\"elementor-widget-wrap elementor-element-populated\">\n\t\t\t\t\t\t\t\t<div class=\"elementor-element elementor-element-d4526d6 elementor-widget elementor-widget-text-editor\" data-id=\"d4526d6\" data-element_type=\"widget\" data-widget_type=\"text-editor.default\">\n\t\t\t\t<div class=\"elementor-widget-container\">\n\t\t\t\t\t\t\t<p>Mentaltraining f\u00fcr\u00a0<\/p><ul><li>Schwangerschaft und Geburt<\/li><li>Kinder und Jugendliche<\/li><li>Erwachsene<\/li><\/ul>\t\t\t\t\t\t<\/div>\n\t\t\t\t<\/div>\n\t\t\t\t\t<\/div>\n\t\t<\/div>\n\t\t\t\t\t\t\t<\/div>\n\t\t<\/section>\n\t\t\t\t<section class=\"elementor-section elementor-top-section elementor-element elementor-element-b73eb5c elementor-section-full_width elementor-section-height-default elementor-section-height-default\" data-id=\"b73eb5c\" data-element_type=\"section\" data-settings=\"{&quot;background_background&quot;:&quot;gradient&quot;}\">\n\t\t\t\t\t\t<div class=\"elementor-container elementor-column-gap-default\">\n\t\t\t\t\t<div class=\"elementor-column elementor-col-50 elementor-top-column elementor-element elementor-element-413f151 elementor-hidden-mobile\" data-id=\"413f151\" data-element_type=\"column\" data-settings=\"{&quot;animation_tablet&quot;:&quot;fadeIn&quot;}\">\n\t\t\t<div class=\"elementor-widget-wrap elementor-element-populated\">\n\t\t\t\t\t\t\t\t<div class=\"elementor-element elementor-element-181d97d elementor-absolute elementor-widget elementor-widget-text-editor\" data-id=\"181d97d\" data-element_type=\"widget\" data-settings=\"{&quot;_position&quot;:&quot;absolute&quot;}\" data-widget_type=\"text-editor.default\">\n\t\t\t\t<div class=\"elementor-widget-container\">\n\t\t\t\t\t\t\t<p>&#8222;Die mentale Einstellung ist ein entscheidender Faktor zum Erfolg&#8220;<\/p>\t\t\t\t\t\t<\/div>\n\t\t\t\t<\/div>\n\t\t\t\t\t<\/div>\n\t\t<\/div>\n\t\t\t\t<div class=\"elementor-column elementor-col-50 elementor-top-column elementor-element elementor-element-0526c4b\" data-id=\"0526c4b\" data-element_type=\"column\">\n\t\t\t<div class=\"elementor-widget-wrap elementor-element-populated\">\n\t\t\t\t\t\t\t\t<div class=\"elementor-element elementor-element-c9d1dda elementor-widget elementor-widget-image\" data-id=\"c9d1dda\" data-element_type=\"widget\" data-widget_type=\"image.default\">\n\t\t\t\t<div class=\"elementor-widget-container\">\n\t\t\t\t\t\t\t\t\t\t\t\t\t\t\t<img decoding=\"async\" src=\"https:\/\/mentaltraining-rosi-schneider.com\/wp-content\/uploads\/elementor\/thumbs\/CMS_20210715_DSC5485-1-scaled-pdnj9c6htx53bf6o72fnaldt55w8pz1iyg9ticiquo.jpg\" title=\"CMS_20210715_DSC5485-1\" alt=\"CMS_20210715_DSC5485-1\" \/>\t\t\t\t\t\t\t\t\t\t\t\t\t\t\t<\/div>\n\t\t\t\t<\/div>\n\t\t\t\t\t<\/div>\n\t\t<\/div>\n\t\t\t\t\t\t\t<\/div>\n\t\t<\/section>\n\t\t\t\t<section class=\"elementor-section elementor-top-section elementor-element elementor-element-72734f4 elementor-section-boxed elementor-section-height-default elementor-section-height-default\" data-id=\"72734f4\" data-element_type=\"section\">\n\t\t\t\t\t\t<div class=\"elementor-container elementor-column-gap-default\">\n\t\t\t\t\t<div class=\"elementor-column elementor-col-100 elementor-top-column elementor-element elementor-element-244831f elementor-hidden-desktop elementor-hidden-tablet\" data-id=\"244831f\" data-element_type=\"column\">\n\t\t\t<div class=\"elementor-widget-wrap elementor-element-populated\">\n\t\t\t\t\t\t\t\t<div class=\"elementor-element elementor-element-4d30bce elementor-widget elementor-widget-text-editor\" data-id=\"4d30bce\" data-element_type=\"widget\" data-widget_type=\"text-editor.default\">\n\t\t\t\t<div class=\"elementor-widget-container\">\n\t\t\t\t\t\t\t<h3>&#8222;Die mentale Einstellung ist ein entscheidender Faktor zum Erfolg&#8220;<\/h3>\t\t\t\t\t\t<\/div>\n\t\t\t\t<\/div>\n\t\t\t\t\t<\/div>\n\t\t<\/div>\n\t\t\t\t\t\t\t<\/div>\n\t\t<\/section>\n\t\t\t\t\t\t\t<\/div>\n\t\t","protected":false},"excerpt":{"rendered":"<p>Mentaltraining&#8230; &#8230; f\u00fcr Schwangerschaft und Geburt Diese ganz besondere Zeit der Ver\u00e4nderung am Ursprung des Lebens und die Beziehung zu dem Wunder Mensch bewusst und intensiv aufzubauen und zu kommunizieren, hilft Dir Deinem K\u00f6rper, Deinem Geist und Deinem weiblichen Urvertrauen zu folgen, sowie optimal vorzubereiten. Vertrauen ist die Grundlage f\u00fcr Lebenskraft und Lebensfreude und sie&hellip; <a class=\"more-link\" href=\"https:\/\/mentaltraining-rosi-schneider.com\/?page_id=40\">Continue reading <span class=\"screen-reader-text\">Mentaltraining<\/span><\/a><\/p>\n","protected":false},"author":1,"featured_media":0,"parent":0,"menu_order":0,"comment_status":"closed","ping_status":"closed","template":"elementor_header_footer","meta":[],"_links":{"self":[{"href":"https:\/\/mentaltraining-rosi-schneider.com\/index.php?rest_route=\/wp\/v2\/pages\/40"}],"collection":[{"href":"https:\/\/mentaltraining-rosi-schneider.com\/index.php?rest_route=\/wp\/v2\/pages"}],"about":[{"href":"https:\/\/mentaltraining-rosi-schneider.com\/index.php?rest_route=\/wp\/v2\/types\/page"}],"author":[{"embeddable":true,"href":"https:\/\/mentaltraining-rosi-schneider.com\/index.php?rest_route=\/wp\/v2\/users\/1"}],"replies":[{"embeddable":true,"href":"https:\/\/mentaltraining-rosi-schneider.com\/index.php?rest_route=%2Fwp%2Fv2%2Fcomments&post=40"}],"version-history":[{"count":64,"href":"https:\/\/mentaltraining-rosi-schneider.com\/index.php?rest_route=\/wp\/v2\/pages\/40\/revisions"}],"predecessor-version":[{"id":242,"href":"https:\/\/mentaltraining-rosi-schneider.com\/index.php?rest_route=\/wp\/v2\/pages\/40\/revisions\/242"}],"wp:attachment":[{"href":"https:\/\/mentaltraining-rosi-schneider.com\/index.php?rest_route=%2Fwp%2Fv2%2Fmedia&parent=40"}],"curies":[{"name":"wp","href":"https:\/\/api.w.org\/{rel}","templated":true}]}}